{"id":42,"date":"2018-10-28T19:48:52","date_gmt":"2018-10-28T19:48:52","guid":{"rendered":"http:\/\/thg-photography.de\/?page_id=42"},"modified":"2018-10-28T20:04:37","modified_gmt":"2018-10-28T20:04:37","slug":"impressum","status":"publish","type":"page","link":"http:\/\/thg-photography.de\/?page_id=42","title":{"rendered":"Impressum"},"content":{"rendered":"\n<p><strong>Impressum<\/strong><br><strong>Angaben gem\u00e4\u00df \u00a7 5 TMG<\/strong><br>Thomas Goldhammer<br>ThG Photography<br>Strietwaldstr. 112<br>63741 Aschaffenburg<\/p>\n\n\n\n<h2><br><\/h2>\n\n\n\n<p><br><strong>Kontakt<\/strong><br>Telefon: +49 (0) 6021 920935<br>Telefax: +49 (0) 6021 920936<br>E-Mail: mail@thg-photography.de<\/p>\n\n\n\n<p><br><strong>Umsatzsteuer<\/strong><br>Umsatzsteuer-Identifikationsnummer gem\u00e4\u00df \u00a727 a Umsatzsteuergesetz:<br>DE264796007<\/p>\n\n\n\n<p><br><strong>Angaben zur Berufshaftpflichtversicherung<\/strong><br>Name und Sitz des Versicherers:<br>ERGO Versicherungsgruppe AG<br>40198 D\u00fcsseldorf<\/p>\n\n\n\n<p><br><strong>Geltungsraum der Versicherung:<\/strong><br>Deutschland<br>Wir sind nicht bereit oder verpflichtet, an Streitbeilegungsverfahren vor einer<br>Verbraucherschlichtungsstelle teilzunehmen.<\/p>\n\n\n\n<p><strong><br>Haftung f\u00fcr Inhalte<\/strong><br>Als Diensteanbieter sind wir gem\u00e4\u00df \u00a7 7 Abs.1 TMG f\u00fcr eigene Inhalte auf diesen Seiten nach den<br>allgemeinen Gesetzen verantwortlich. Nach \u00a7\u00a7 8 bis 10 TMG sind wir als Diensteanbieter jedoch nicht<br>verpflichtet, \u00fcbermittelte oder gespeicherte fremde Informationen zu \u00fcberwachen oder nach Umst\u00e4nden zu<br>forschen, die auf eine rechtswidrige T\u00e4tigkeit hinweisen.<\/p>\n\n\n\n<p><br> <\/p>\n","protected":false},"excerpt":{"rendered":"<p>ImpressumAngaben gem\u00e4\u00df \u00a7 5 TMGThomas GoldhammerThG PhotographyStrietwaldstr. 11263741 Aschaffenburg KontaktTelefon: +49 (0) 6021 920935Telefax: +49 (0) 6021 920936E-Mail: mail@thg-photography.de UmsatzsteuerUmsatzsteuer-Identifikationsnummer gem\u00e4\u00df \u00a727 a Umsatzsteuergesetz:DE264796007 Angaben zur BerufshaftpflichtversicherungName und Sitz des Versicherers:ERGO Versicherungsgruppe AG40198 D\u00fcsseldorf Geltungsraum der Versicherung:DeutschlandWir sind nicht bereit oder verpflichtet, an Streitbeilegungsverfahren vor einerVerbraucherschlichtungsstelle teilzunehmen. Haftung f\u00fcr InhalteAls Diensteanbieter sind wir gem\u00e4\u00df \u00a7&hellip;<\/p>\n","protected":false},"author":1,"featured_media":0,"parent":0,"menu_order":0,"comment_status":"closed","ping_status":"closed","template":"","meta":[],"_links":{"self":[{"href":"http:\/\/thg-photography.de\/index.php?rest_route=\/wp\/v2\/pages\/42"}],"collection":[{"href":"http:\/\/thg-photography.de\/index.php?rest_route=\/wp\/v2\/pages"}],"about":[{"href":"http:\/\/thg-photography.de\/index.php?rest_route=\/wp\/v2\/types\/page"}],"author":[{"embeddable":true,"href":"http:\/\/thg-photography.de\/index.php?rest_route=\/wp\/v2\/users\/1"}],"replies":[{"embeddable":true,"href":"http:\/\/thg-photography.de\/index.php?rest_route=%2Fwp%2Fv2%2Fcomments&post=42"}],"version-history":[{"count":3,"href":"http:\/\/thg-photography.de\/index.php?rest_route=\/wp\/v2\/pages\/42\/revisions"}],"predecessor-version":[{"id":46,"href":"http:\/\/thg-photography.de\/index.php?rest_route=\/wp\/v2\/pages\/42\/revisions\/46"}],"wp:attachment":[{"href":"http:\/\/thg-photography.de\/index.php?rest_route=%2Fwp%2Fv2%2Fmedia&parent=42"}],"curies":[{"name":"wp","href":"https:\/\/api.w.org\/{rel}","templated":true}]}}